Let b(k) = -k**3 - 8*k**2 + 11*k. What is b(-9)?
-18
Let b(g) = -2*g**2 + 40*g + 38. Determine b(21).
-4
Let u(z) = -z**2 - 11*z - 27. Give u(-11).
-27
Let o(n) = 10*n - 35. Determine o(3).
-5
Let f(b) = -13*b + 1. Determine f(-5).
66
Let t(p) = p**2 + 12*p + 6. Give t(-8).
-26
Let x(r) = 3*r**2 - 29*r - 6. Determine x(10).
4
Let t(h) = -2*h**3 + 14*h**2 - 10*h + 12. Give t(6).
24
Let i(y) = 2*y - 41. Calculate i(18).
-5
Let f(t) = -37*t**2 - 2*t + 2. Calculate f(1).
-37
Let s(m) = m**3 + 29*m**2 + 54*m - 27. Calculate s(-27).
-27
Let s(a) = a**3 + 13*a**2 + 3*a + 22. Determine s(-12).
130
Let v(z) = -4*z - 4. Calculate v(2).
-12
Let f(j) = -100*j + 492. What is f(5)?
-8
Let g(s) = 3*s + 4. Give g(3).
13
Let b(z) = z**2 + 5*z + 3. What is b(-3)?
-3
Let h(b) = -b**2 + 18*b + 82. What is h(22)?
-6
Let d(a) = 4*a**2 - 40*a. Determine d(10).
0
Let a(g) = g**3 - 11*g**2 + g - 14. Give a(10).
-104
Let t(a) = 9*a + 46. Give t(-9).
-35
Let c(j) = j**3 + 37*j**2 + 74*j + 139. What is c(-35)?
-1
Let b(q) = q**3 + 9*q**2 + 13*q + 8. Give b(-8).
-32
Let u(n) = n**3 - 10*n**2 + 8*n + 6. Give u(9).
-3
Let t(v) = -27*v + 6. Calculate t(0).
6
Let w(d) = 5*d - 92. Give w(21).
13
Let y(i) = -2*i - 7. What is y(-5)?
3
Let r(u) = -4*u + 32. Determine r(14).
-24
Let x(q) = 12*q - 287. Give x(24).
1
Let p(j) = 2*j**2 + 8*j + 8. Determine p(-4).
8
Let i(n) = 2*n**2 - 5*n - 2. What is i(5)?
23
Let x(l) = 5*l + 11. Determine x(-5).
-14
Let r(q) = 5*q + 4. Calculate r(5).
29
Let l(b) = -b**3 + 2*b**2 + 5*b - 3. Give l(-5).
147
Let u(i) = -2*i + 14. Calculate u(9).
-4
Let j(v) = -v + 14. Give j(10).
4
Let n(c) = -6*c + 294. Determine n(48).
6
Let i(b) = 4*b + 5. Calculate i(-3).
-7
Let a(o) = -o**3 + 7*o**2 - 14*o + 16. What is a(4)?
8
Let f(v) = v**2 - 9*v - 10. Determine f(7).
-24
Let x(b) = 3*b**2 - b - 26. Give x(0).
-26
Let f(m) = m**2 - 204*m - 1258. Calculate f(-6).
2
Let l(p) = 3*p - 1. What is l(5)?
14
Let y(x) = -8*x - 77. Determine y(-10).
3
Let v(a) = -5*a - 16. Calculate v(-7).
19
Let o(x) = -5*x - 40. What is o(-8)?
0
Let o(p) = 2*p**3 - 27*p**2 - 15*p - 1. Calculate o(14).
-15
Let y(x) = 46*x - 599. What is y(13)?
-1
Let x(g) = 5*g**2 + 4*g + 5. Determine x(-4).
69
Let z(n) = -10*n - 4. Calculate z(-2).
16
Let v(z) = -z**2 + 11*z + 61. What is v(-4)?
1
Let a(r) = -129*r**2 + 3*r + 3. Give a(-1).
-129
Let k(o) = -4*o + 107. What is k(25)?
7
Let r(b) = b**2 + 4*b - 10. Give r(2).
2
Let a(k) = -k**3 - 14*k**2 + 16*k + 9. Calculate a(-15).
-6
Let o(r) = -r**3 - 11*r**2 - 12*r - 25. Calculate o(-10).
-5
Let f(h) = -14*h**2 + 99*h - 5. Calculate f(7).
2
Let h(w) = -3*w - 3. What is h(-3)?
6
Let p(h) = -13*h + 8. Give p(2).
-18
Let i(z) = -z**3 - 9*z**2 - 9*z + 2. Give i(-8).
10
Let y(u) = u**3 - 6*u**2 - 7*u - 4. Give y(6).
-46
Let g(o) = -22*o + 249. Calculate g(11).
7
Let a(t) = -t**2 - 2*t + 10. Determine a(3).
-5
Let u(t) = t**3 + 2*t + 23. Determine u(0).
23
Let z(o) = 48*o + 725. Calculate z(-15).
5
Let q(k) = k**2 + 2*k + 2. Give q(-4).
10
Let p(j) = j**3 - j**2 + 2*j + 8. What is p(-2)?
-8
Let l(k) = k**3 + 6*k**2 - 3*k + 5. Give l(-6).
23
Let c(t) = -t**2 - 5*t - 3. Give c(-4).
1
Let d(w) = -w**3 - 4*w**2 - 5*w - 6. What is d(-3)?
0
Let a(j) = -j**3 + 13*j**2 - 24*j + 16. What is a(9)?
124
Let m(r) = -r**3 - 4*r**2 - 3*r - 2. What is m(-2)?
-4
Let w(a) = -6*a**3 + a**2 + 2*a - 1. Determine w(-2).
47
Let b(g) = g**2 + 9*g + 2. Determine b(-9).
2
Let z(w) = w**3 + 11*w**2 - 15*w - 42. Determine z(-12).
-6
Let x(q) = -16*q**2 - 24*q + 10. Give x(-2).
-6
Let v(r) = -r**3 - 2*r**2 + 3*r - 4. Determine v(-4).
16
Let j(q) = -28*q - 39. Give j(-2).
17
Let j(y) = -9*y**2 + 2*y + 1. Calculate j(2).
-31
Let r(z) = 2*z**2 + 6*z + 3. Give r(-2).
-1
Let j(f) = -f**3 + 7*f + 5. Calculate j(4).
-31
Let j(f) = f**3 + 10*f**2 + 12*f + 6. Calculate j(-8).
38
Let j(s) = s**3 + 5*s**2 + 4*s + 6. Calculate j(-4).
6
Let t(y) = -10*y - 98. Give t(-9).
-8
Let q(v) = 8*v - 33. What is q(10)?
47
Let b(l) = 6*l**2 + 7*l + 15. What is b(-3)?
48
Let d(i) = -i**3 + 2*i**2 + 5*i + 5. Determine d(6).
-109
Let c(t) = -4*t + 4. Determine c(-3).
16
Let v(b) = b**3 + 6*b**2 + 6*b + 4. Calculate v(-5).
-1
Let f(l) = -5*l - 2. What is f(5)?
-27
Let j(p) = 5*p - 29. Determine j(8).
11
Let a(j) = -j**2 - 17*j - 36. Determine a(-13).
16
Let q(c) = c**3 + 25*c**2 - 83*c + 33. Give q(-28).
5
Let p(j) = j**3 - 17*j**2 - 2*j + 41. Calculate p(17).
7
Let z(m) = m**3 + 16*m**2 + 15*m - 4. What is z(-15)?
-4
Let f(a) = 5*a**2 + 3*a - 9. Determine f(3).
45
Let v(f) = -3*f + 12. What is v(5)?
-3
Let v(c) = -c**2 + 14*c - 19. Give v(2).
5
Let v(p) = 2*p**3 - 25*p**2 + 14*p - 26. Give v(12).
-2
Let a(l) = -2*l**2 - 2*l - 3. What is a(-6)?
-63
Let s(z) = z**3 + 19*z**2 + 13*z - 27. Calculate s(-18).
63
Let y(m) = m**3 - 8*m**2 + 12*m - 10. What is y(4)?
-26
Let r(h) = h - 2. Calculate r(2).
0
Let o(a) = a**3 + 7*a**2 + 5*a - 10. Calculate o(-6).
-4
Let j(n) = -n**2 + 7*n + 6. Determine j(8).
-2
Let k(y) = y**3 + 9*y**2 - 3*y + 8. Determine k(-9).
35
Let u(k) = -24*k - 244. What is u(-10)?
-4
Let c(w) = -w**2 - 5*w - 10. Give c(0).
-10
Let s(t) = -t**2 + 11*t - 8. Determine s(10).
2
Let k(t) = 3*t**2 - 3*t - 3. Determine k(-4).
57
Let g(v) = -v**3 - 3*v**2 - v + 5. What is g(1)?
0
Let m(v) = 2*v**2 + 65*v + 38. Give m(-32).
6
Let p(q) = -q**3 + 9*q**2 - 8*q + 1. What is p(8)?
1
Let j(l) = -88*l. Give j(-1).
88
Let r(f) = -2*f**3 - 2*f**2 - 2*f - 4. What is r(-2)?
8
Let r(l) = -6*l + 9. What is r(2)?
-3
Let f(t) = t**2 + 6*t + 4. Determine f(-2).
-4
Let y(d) = d**3 + 5*d**2 + 4*d - 1. What is y(-5)?
-21
Let l(k) = 35*k**3 - 2*k**2 - k. Calculate l(-1).
-36
Let s(g) = -g + 19. Calculate s(0).
19
Let u(o) = 27*o**3 - o**2 - o - 1. What is u(-1)?
-28
Let i(q) = -q**3 - 10*q**2 - 10*q + 10. Give i(-8).
-38
Let d(p) = p**2 - 13*p + 5. Calculate d(13).
5
Let m(z) = -44*z - 507. Calculate m(-11).
-23
Let a(m) = 8*m**3 + m**2 + 2*m + 1. Determine a(-1).
-8
Let d(w) = w**2 + 11*w + 25. Determine d(-4).
-3
Let u(q) = -q**3 - 4*q**2 - 2*q - 2. Calculate u(-2).
-6
Let t(w) = -5*w**2 - 4*w - 8. Give t(3).
-65
Let v(o) = -o**3 - o**2 + o + 4. Calculate v(0).
4
Let m(o) = o**3 + 8*o**2 - 5*o + 4. Give m(-9).
-32
Let m(w) = -23*w + 440. What is m(19)?
3
Let d(z) = z - 4. Determine d(0).
-4
Let m(q) = q**3 - 4*q**2 - 7*q. Calculate m(5).
-10
Let s(q) = -q**2 - 2*q + 7. Calculate s(-5).
-8
Let y(j) = -2*j**3 + 15*j**2 - 21*j + 5. What is y(6)?
-13
Let l(i) = 3*i**3 + 3*i**2 - 2*i + 1. What is l(2)?
33
Let w(h) = h**2 + 5*h + 39. Determine w(-12).
123
Let m(p) = -p**2 + 3*p + 4. Determine m(4).
0
Let v(h) = 2*h**2 - 5*h. Give v(5).
25
Let w(g) = g**2 + 32. Determine w(0).
32
Let f(c) = -c**2 - c + 7. Determine f(3).
-5
Let f(l) = l**3 - 18*l**2 + 13*l - 1. What is f(17)?
-69
Let u(w) = 2*w**2 + 11*w - 12. Determine u(-9).
51
Let l(r) = r**3 - 31*r**2 + 153*r - 32. What is l(25)?
43
Let o(l) = 4*l - 12. Determine o(3).
0
Let j(n) = -n - 15. Give j(-7).
-8
Let m(n) = -10*n - 47. Give m(-4).
-7
Let r(j) = j**2 + 10*j - 10. What is r(-7)?
-31
Let i(n) = n**3 - 27*n**2 + 27*n - 26. Calculate i(26).
0
Let b(q) = -q**3 + 2*q**2 - q. Calculate b(3).
-12
Let o(v) = -3*v**2 + 28*v - 15. Calculate o(9).
-6
Let z(d) = -40*d**3 + 3*d**2 - 3. Give z(1).
-40
Let t(q) = -q**3 - 9*q**2 + 7*q - 31. Give t(-10).
-1
Let j(h) = 13*h**3 + 2*h**2 - 2*h - 3. What is j(-1)?
-12
Let r(b) = -3*b**3 - 6*b**2 - 4*b - 4. Give r(-2).
4
Let u(b) = -2*b**2 - b - 2. Determine u(3).
-23
Let q(p) = 5*p + 5. Calculate q(-2).
-5
Let d(y) = -y**3 - 14*y**2 - 13*y - 3. Calculate d(-13).
-3
Let v(p) = -p**3 + 9*p**2 + p - 18. What is v(9)?
-9
Let q(i) = -i**3 - 5*i**2 - 5*i + 2. Determine q(-5).
27
Let m(z) = z**2 - 11*z - 5. Determine m(5).
-35
Let x(d) = -d**2 + 33*d - 97. Determine x(30).
-7
Let d(y) = -2*y**2 + 7*y - 1. Give d(5).
-16
Let i(v) = -v**2 - 20*v - 11. Determine i(-14).
73
Let g(s) = -3*s - 2. Calculate g(-4).
10
Let m(g) = 7*g + 1. Determine m(-1).
-6
Let b(z) = 53*z + 1328. What is b(-25)?
3
Let y(h) = h**2 + 3*h - 28. Give y(-12).
80
Let i(g) = g**3 - 7*g**2 + 6*g + 1. What is i(5)?
-19
Let o(h) = -h**2 + h + 4. What is o(-6)?
-38
Let o(s) = s**3 + 25*s**2 + 45*s - 24. Give o(-23).
-1
Let g(z) = -z**2 + 2. Give g(0).
2
Let b(c) = -c**2 - 4*c 